ided by 1889760?
7
Calculate the remainder when 131488323 is divided by 4694.
4689
Calculate the remainder when 375361 is divided by 20850.
61
What is the remainder when 196595 is divided by 715?
685
Calculate the remainder when 1327102 is divided by 331774.
6
Calculate the remainder when 18528157 is divided by 51.
10
Calculate the remainder when 61218171 is divided by 35.
21
What is the remainder when 61598281 is divided by 1111?
1108
What is the remainder when 224763 is divided by 4610?
3483
Calculate the remainder when 30769828 is divided by 85.
83
What is the remainder when 297477 is divided by 3227?
593
Calculate the remainder when 113131 is divided by 37699.
34
What is the remainder when 65230063 is divided by 633?
46
What is the remainder when 1444460 is divided by 24904?
28
What is the remainder when 525273955 is divided by 314?
311
What is the remainder when 60318 is divided by 14984?
382
What is the remainder when 3472458 is divided by 127?
24
What is the remainder when 1864765 is divided by 183?
178
Calculate the remainder when 620812 is divided by 11085.
52
Calculate the remainder when 777699 is divided by 777323.
376
Calculate the remainder when 974719 is divided by 1792.
1663
What is the remainder when 6473493 is divided by 1364?
1313
What is the remainder when 30048158 is divided by 16?
14
What is the remainder when 1759348 is divided by 889?
17
What is the remainder when 4929228 is divided by 199?
197
Calculate the remainder when 9952052 is divided by 955.
952
What is the remainder when 45450 is divided by 682?
438
Calculate the remainder when 7442919 is divided by 826991.
0
Calculate the remainder when 373074 is divided by 21935.
179
What is the remainder when 51337982 is divided by 393?
392
Calculate the remainder when 3339133 is divided by 1113021.
70
Calculate the remainder when 3375364 is divided by 462.
454
Calculate the remainder when 2392998 is divided by 15742.
214
Calculate the remainder when 514734 is divided by 171522.
168
Calculate the remainder when 16812162 is divided by 257.
250
Calculate the remainder when 3899329 is divided by 4285.
4264
Calculate the remainder when 6456575 is divided by 96.
95
What is the remainder when 5154813 is divided by 193?
169
Calculate the remainder when 7945 is divided by 500.
445
What is the remainder when 384764 is divided by 27482?
16
Calculate the remainder when 1105984 is divided by 4943.
3695
Calculate the remainder when 1983602 is divided by 266.
40
What is the remainder when 86448408 is divided by 10?
8
Calculate the remainder when 109454557 is divided by 4471.
6
What is the remainder when 2053035 is divided by 217?
215
What is the remainder when 2472536 is divided by 28405?
1301
Calculate the remainder when 2991884 is divided by 1934.
1920
Calculate the remainder when 1446125 is divided by 206.
5
Calculate the remainder when 321893563 is divided by 4445.
4443
Calculate the remainder when 161093 is divided by 161021.
72
What is the remainder when 730705 is divided by 25?
5
What is the remainder when 6038821 is divided by 2012937?
10
What is the remainder when 30736 is divided by 238?
34
What is the remainder when 216135 is divided by 71931?
342
Calculate the remainder when 342958218 is divided by 207.
204
Calculate the remainder when 239882 is divided by 1528.
1514
Calculate the remainder when 78842 is divided by 39397.
48
Calculate the remainder when 128836 is divided by 25344.
2116
What is the remainder when 7154686 is divided by 21550?
86
Calculate the remainder when 24042480 is divided by 1482.
1476
Calculate the remainder when 1142798 is divided by 29293.
371
What is the remainder when 1108346025 is divided by 2623?
2621
What is the remainder when 48752 is divided by 1889?
1527
Calculate the remainder when 193642 is divided by 843.
595
What is the remainder when 280743432 is divided by 93581141?
9
What is the remainder when 746683 is divided by 186596?
299
What is the remainder when 6696639 is divided by 15?
9
Calculate the remainder when 11738222 is divided by 212.
206
Calculate the remainder when 804390 is divided by 28705.
650
What is the remainder when 2231282 is divided by 743755?
17
Calculate the remainder when 430209 is divided by 435.
429
Calculate the remainder when 130694041 is divided by 1143.
1135
What is the remainder when 2383842 is divided by 1191089?
1664
What is the remainder when 1141503 is divided by 23?
13
What is the remainder when 1985798 is divided by 496424?
102
What is the remainder when 1816683 is divided by 29?
7
What is the remainder when 94837 is divided by 284?
265
Calculate the remainder when 157243 is divided by 183.
46
What is the remainder when 78533 is divided by 5298?
4361
Calculate the remainder when 772802 is divided by 385986.
830
Calculate the remainder when 2213003 is divided by 250.
3
Calculate the remainder when 42320 is divided by 5176.
912
What is the remainder when 107957 is divided by 292?
209
Calculate the remainder when 37404 is divided by 719.
16
What is the remainder when 4097828 is divided by 315209?
111
Calculate the remainder when 6386067 is divided by 2347.
2227
What is the remainder when 1449415 is divided by 285?
190
Calculate the remainder when 183996 is divided by 88.
76
Calculate the remainder when 125750 is divided by 62591.
568
Calculate the remainder when 109422263 is divided by 12158029.
2
Calculate the remainder when 16180625 is divided by 150.
125
Calculate the remainder when 828285 is divided by 227.
189
Calculate the remainder when 521694 is divided by 10483.
8027
Calculate the remainder when 2948246 is divided by 36.
26
What is the remainder when 9687688 is divided by 4321?
6
What is the remainder when 2516843 is divided by 2516350?
493
What is the remainder when 15381320 is divided by 3549?
3503
Calculate the remainder when 24131536 is divided by 1260.
16
Calculate the remainder when 6048474 is divided by 864066.
12
Calculate the remainder when 724632 is divided by 120723.
294
Calculate the remainder when 4810980 is divided by 3334.
18
What is the remainder when 7699146 is divided by 53?
48
Calculate the remainder when 1162012 is divided by 1487.
665
What is the remainder when 2023370 is divided by 1138?
6
What is the remainder when 14962961 is divided by 4401?
3962
What is the remainder when 1464704 is divided by 1235?
1229
Calculate the remainder when 1347746 is divided by 3002.
2850
What is the remainder when 26849631 is divided by 13424805?
21
What is the remainder when 365680 is divided by 90202?
4872
Calculate the remainder when 568133 is divided by 51647.
16
Calculate the remainder when 275858 is divided by 1525.
1358
What is the remainder when 37937744 is divided by 4852?
4808
What is the remainder when 22016779 is divided by 365?
344
What is the remainder when 166291 is divided by 39?
34
Calculate the remainder when 581661 is divided by 69.
60
What is the remainder when 79418095 is divided by 24?
7
What is the remainder when 1144450 is divided by 6738?
5728
Calculate the remainder when 4572974 is divided by 25.
24
Calculate the remainder when 394530251 is divided by 12.
11
Calculate the remainder when 514867 is divided by 171568.
163
What is the remainder when 95993651 is divided by 31997883?
2
What is the remainder when 138413 is divided by 46118?
59
Calculate the remainder when 4313699 is divided by 3510.
3419
Calculate the remainder when 16621324 is divided by 5540321.
361
Calculate the remainder when 147387269 is divided by 35.
29
Calculate the remainder when 78121613 is divided by 5291.
5289
Calculate the remainder when 1441510 is divided by 560.
70
Calculate the remainder when 62201 is divided by 3908.
3581
What is the remainder when 221425897 is divided by 103?
102
What is the remainder when 92022 is divided by 30600?
222
Calculate the remainder when 2146097 is divided by 1923.
29
Calculate the remainder when 19476 is divided by 19017.
459
Calculate the remainder when 851410 is divided by 1371.
19
What is the remainder when 1464246 is divided by 21?
0
What is the remainder when 1156 is divided by 400?
356
Calculate the remainder when 13363308 is divided by 13.
10
Calculate the remainder when 2076893 is divided by 296698.
7
What is the remainder when 631126 is divided by 1890?
1756
